097?
9
What is the ten thousands digit of 65837?
6
What is the thousands digit of 12772?
2
What is the tens digit of 2001?
0
What is the hundreds digit of 14809?
8
What is the hundreds digit of 324?
3
What is the tens digit of 11627?
2
What is the units digit of 2449?
9
What is the hundreds digit of 3057?
0
What is the hundreds digit of 857?
8
What is the units digit of 69?
9
What is the hundred thousands digit of 160110?
1
What is the tens digit of 14695?
9
What is the units digit of 1137?
7
What is the thousands digit of 8512?
8
What is the ten thousands digit of 55369?
5
What is the tens digit of 2964?
6
What is the units digit of 45876?
6
What is the units digit of 2417?
7
What is the tens digit of 833?
3
What is the tens digit of 24455?
5
What is the tens digit of 2644?
4
What is the ten thousands digit of 51128?
5
What is the hundreds digit of 25773?
7
What is the thousands digit of 7728?
7
What is the thousands digit of 3625?
3
What is the hundreds digit of 134690?
6
What is the units digit of 567?
7
What is the thousands digit of 15724?
5
What is the thousands digit of 3489?
3
What is the units digit of 16397?
7
What is the units digit of 1758?
8
What is the units digit of 20768?
8
What is the tens digit of 2677?
7
What is the units digit of 6110?
0
What is the units digit of 896?
6
What is the units digit of 29926?
6
What is the thousands digit of 2951?
2
What is the units digit of 17027?
7
What is the hundreds digit of 32119?
1
What is the tens digit of 1904?
0
What is the tens digit of 8455?
5
What is the hundreds digit of 8546?
5
What is the units digit of 1306?
6
What is the thousands digit of 44787?
4
What is the tens digit of 2124?
2
What is the thousands digit of 4329?
4
What is the ten thousands digit of 96877?
9
What is the ten thousands digit of 12291?
1
What is the ten thousands digit of 37901?
3
What is the units digit of 55?
5
What is the hundreds digit of 16169?
1
What is the thousands digit of 17543?
7
What is the hundreds digit of 1369?
3
What is the thousands digit of 12647?
2
What is the thousands digit of 9332?
9
What is the ten thousands digit of 81335?
8
What is the tens digit of 216?
1
What is the hundreds digit of 17169?
1
What is the tens digit of 65452?
5
What is the ten thousands digit of 14410?
1
What is the tens digit of 115904?
0
What is the hundreds digit of 1513?
5
What is the ten thousands digit of 81249?
8
What is the thousands digit of 7863?
7
What is the tens digit of 1871?
7
What is the units digit of 316?
6
What is the tens digit of 7017?
1
What is the units digit of 1204?
4
What is the tens digit of 9267?
6
What is the hundreds digit of 2227?
2
What is the tens digit of 632?
3
What is the tens digit of 10182?
8
What is the hundreds digit of 139?
1
What is the tens digit of 1196?
9
What is the thousands digit of 11821?
1
What is the hundreds digit of 80155?
1
What is the thousands digit of 13619?
3
What is the hundreds digit of 170862?
8
What is the units digit of 41042?
2
What is the units digit of 140?
0
What is the hundreds digit of 74306?
3
What is the units digit of 4491?
1
What is the units digit of 79919?
9
What is the hundreds digit of 8803?
8
What is the thousands digit of 1020?
1
What is the units digit of 7731?
1
What is the thousands digit of 2838?
2
What is the hundreds digit of 177?
1
What is the tens digit of 484?
8
What is the thousands digit of 1882?
1
What is the tens digit of 1126?
2
What is the units digit of 319?
9
What is the tens digit of 5167?
6
What is the tens digit of 556?
5
What is the tens digit of 21303?
0
What is the tens digit of 49337?
3
What is the units digit of 6993?
3
What is the units digit of 2175?
5
What is the units digit of 1832?
2
What is the hundreds digit of 40181?
1
What is the units digit of 78264?
4
What is the ten thousands digit of 35632?
3
What is the thousands digit of 7044?
7
What is the thousands digit of 83714?
3
What is the thousands digit of 6529?
6
What is the tens digit of 26774?
7
What is the units digit of 1235?
5
What is the hundreds digit of 12703?
7
What is the thousands digit of 46603?
6
What is the units digit of 966?
6
What is the tens digit of 4884?
8
What is the units digit of 42554?
4
What is the hundreds digit of 938?
9
What is the units digit of 1789?
9
What is the hundreds digit of 578?
5
What is the hundreds digit of 2343?
3
What is the thousands digit of 75472?
5
What is the units digit of 87283?
3
What is the tens digit of 1155?
5
What is the tens digit of 31574?
7
What is the hundreds digit of 82387?
3
What is the hundreds digit of 14491?
4
What is the hundreds digit of 53277?
2
What is the thousands digit of 4539?
4
What is the hundreds digit of 75596?
5
What is the tens digit of 10064?
6
What is the units digit of 55331?
1
What is the thousands digit of 4710?
4
What is the units digit of 58?
8
What is the ten thousands digit of 105390?
0
What is the units digit of 4880?
0
What is the hundreds digit of 85568?
5
What is the tens digit of 126?
2
What is the tens digit of 8154?
5
What is the tens digit of 868?
6
What is the hundreds digit of 118858?
8
What is the tens digit of 49466?
6
What is the units digit of 392?
2
What is the units digit of 6381?
1
What is the tens digit of 4121?
2
What is the hundred thousands digit of 117699?
1
What is the hundreds digit of 1540?
5
What is the units digit of 17247?
7
What is the units digit of 3359?
9
What is the thousands digit of 1061?
1
What is the tens digit of 713?
1
What is the units digit of 524?
4
What is the hundreds digit of 2549?
5
What is the units digit of 1265?
5
What is the units digit of 8394?
4
What is the tens digit of 880?
8
What is the tens digit of 892?
9
What is the hundreds digit of 1240?
2
What is the units digit of 60230?
0
What is the units digit of 864?
4
What is the units digit of 17?
7
What is the thousands digit of 14061?
4
What is the tens digit of 394?
9
What is the units digit of 256?
6
What is the ten thousands digit of 18880?
1
What is the hundreds digit of 18068?
0
What is the units digit of 1874?
4
What is the tens digit of 7125?
2
What is the hundreds digit of 21200?
2
What is the tens digit of 32005?
0
What is the hundreds digit of 257?
2
What is the units digit of 1280?
0
What is the thousands digit of 4448?
4
What is the hundreds digit of 924?
9
What is the units digit of 383?
3
What is the tens digit of 25149?
4
What is the hundreds digit of 6340?
3
What is the ten thousands digit of 76597?
7
What is the units digit of 38084?
4
What is the units digit of 9102?
2
What is the ten thousands digit of 144714?
4
What is the thousands digit of 2399?
2
What is the tens digit of 2666?
6
What is the units digit of 608?
8
What is the thousands digit of 6682?
6
What is the tens digit of 46797?
9
What is the units digit of 84585?
5
What is the tens digit of 29385?
8
What is the thousands digit of 1861?
1
What is the units digit of 42191?
1
What is the units digit of 68539?
9
What is the hundreds digit of 7057?
0
What is the tens digit of 439?
3
What is the ten thousands digit of 27005?
2
What is the tens digit of 50045?
4
What is the thousands digit of 3236?
3
What is the tens digit of 4245?
4
What is the hundreds digit of 563?
5
What is the hundreds digit of 829?
8
What is the tens digit of 6094?
9
What is the units digit of 2637?
7
What is the thousands digit of 37878?
7
What is the ten thousands digit of 98740?
9
What is the thousands digit of 1557?
1
What is the thousands digit of 5625?
5
What is the units digit of 1474?
4
What is the hundreds digit of 40670?
6
What is the units digit of 23195?
5
What is the hundreds digit of 490?
4
What is the tens digit of 433?
3
What is the tens digit of 29317?
1
What is the hundreds digit of 1531?
5
What is the hundreds digit of 1877?
8
What is the hundreds digit of 1406?
4
What is the hundreds digit of 230?
2
What is the hundreds digit of 2065?
0
What is the tens digit of 1002?
0
What is the thousands digit of 54572?
4
What is the units digit of 1513?
3
What is the ten thousands digit of 83743?
8
What is the hundreds digit of 22199?
1
What is the tens digit of 467?
6
What is the units digit of 1079?
9
What is the thousands digit of 11450?
1
What is the tens digit of 10975?
7
What is the units digit of 3692?
2